{"id":2,"date":"2022-09-13T13:52:25","date_gmt":"2022-09-13T13:52:25","guid":{"rendered":"https:\/\/www.elprovod.sk\/?page_id=2"},"modified":"2022-09-20T16:03:18","modified_gmt":"2022-09-20T16:03:18","slug":"elprovod","status":"publish","type":"page","link":"https:\/\/www.elprovod.sk\/","title":{"rendered":"Elprovod &#8211; zelen\u00e1 energia pre V\u00e1\u0161 domov"},"content":{"rendered":"\t\t<div data-elementor-type=\"wp-page\" data-elementor-id=\"2\" class=\"elementor elementor-2\">\n\t\t\t\t\t\t\t\t\t<section class=\"elementor-section elementor-top-section elementor-element elementor-element-ad085db elementor-hidden-mobile elementor-section-boxed elementor-section-height-default elementor-section-height-default\" data-id=\"ad085db\" data-element_type=\"section\">\n\t\t\t\t\t\t<div class=\"elementor-container elementor-column-gap-default\">\n\t\t\t\t\t<div class=\"elementor-column elementor-col-20 elementor-top-column elementor-element elementor-element-68da87b\" data-id=\"68da87b\" data-element_type=\"column\">\n\t\t\t<div class=\"elementor-widget-wrap elementor-element-populated\">\n\t\t\t\t\t\t\t\t<div class=\"elementor-element elementor-element-bea6a8c elementor-widget elementor-widget-image\" data-id=\"bea6a8c\" data-element_type=\"widget\" data-widget_type=\"image.default\">\n\t\t\t\t<div class=\"elementor-widget-container\">\n\t\t\t<style>\/*! elementor - v3.7.7 - 20-09-2022 *\/\n.elementor-widget-image{text-align:center}.elementor-widget-image a{display:inline-block}.elementor-widget-image a img[src$=\".svg\"]{width:48px}.elementor-widget-image img{vertical-align:middle;display:inline-block}<\/style>\t\t\t\t\t\t\t\t\t\t\t\t\t<a href=\"https:\/\/solarnepanelydomov.sk\/kategoria-produktu\/fotovoltaika-pre-rodinne-domy\/\">\n\t\t\t\t\t\t\t<img width=\"500\" height=\"500\" src=\"https:\/\/www.elprovod.sk\/wp-content\/uploads\/2022\/09\/sola\u0301rne-panely.png\" class=\"attachment-large size-large\" alt=\"\" loading=\"lazy\" srcset=\"https:\/\/www.elprovod.sk\/wp-content\/uploads\/2022\/09\/sola\u0301rne-panely.png 500w, https:\/\/www.elprovod.sk\/wp-content\/uploads\/2022\/09\/sola\u0301rne-panely-300x300.png 300w, https:\/\/www.elprovod.sk\/wp-content\/uploads\/2022\/09\/sola\u0301rne-panely-150x150.png 150w\" sizes=\"(max-width: 500px) 100vw, 500px\" \/>\t\t\t\t\t\t\t\t<\/a>\n\t\t\t\t\t\t\t\t\t\t\t\t\t\t\t<\/div>\n\t\t\t\t<\/div>\n\t\t\t\t\t<\/div>\n\t\t<\/div>\n\t\t\t\t<div class=\"elementor-column elementor-col-20 elementor-top-column elementor-element elementor-element-4fc534a\" data-id=\"4fc534a\" data-element_type=\"column\">\n\t\t\t<div class=\"elementor-widget-wrap elementor-element-populated\">\n\t\t\t\t\t\t\t\t<div class=\"elementor-element elementor-element-d4f47b2 elementor-widget elementor-widget-image\" data-id=\"d4f47b2\" data-element_type=\"widget\" data-widget_type=\"image.default\">\n\t\t\t\t<div class=\"elementor-widget-container\">\n\t\t\t\t\t\t\t\t\t\t\t\t\t\t\t\t<a href=\"https:\/\/solarnepanelydomov.sk\/kategoria-produktu\/solarne-systemy-a-solarne-produkty\/solarne-kolektory\/\">\n\t\t\t\t\t\t\t<img width=\"500\" height=\"500\" src=\"https:\/\/www.elprovod.sk\/wp-content\/uploads\/2022\/09\/sola\u0301rne-kolektory.png\" class=\"attachment-large size-large\" alt=\"\" loading=\"lazy\" srcset=\"https:\/\/www.elprovod.sk\/wp-content\/uploads\/2022\/09\/sola\u0301rne-kolektory.png 500w, https:\/\/www.elprovod.sk\/wp-content\/uploads\/2022\/09\/sola\u0301rne-kolektory-300x300.png 300w, https:\/\/www.elprovod.sk\/wp-content\/uploads\/2022\/09\/sola\u0301rne-kolektory-150x150.png 150w\" sizes=\"(max-width: 500px) 100vw, 500px\" \/>\t\t\t\t\t\t\t\t<\/a>\n\t\t\t\t\t\t\t\t\t\t\t\t\t\t\t<\/div>\n\t\t\t\t<\/div>\n\t\t\t\t\t<\/div>\n\t\t<\/div>\n\t\t\t\t<div class=\"elementor-column elementor-col-20 elementor-top-column elementor-element elementor-element-5253917\" data-id=\"5253917\" data-element_type=\"column\">\n\t\t\t<div class=\"elementor-widget-wrap elementor-element-populated\">\n\t\t\t\t\t\t\t\t<div class=\"elementor-element elementor-element-646a68d elementor-widget elementor-widget-image\" data-id=\"646a68d\" data-element_type=\"widget\" data-widget_type=\"image.default\">\n\t\t\t\t<div class=\"elementor-widget-container\">\n\t\t\t\t\t\t\t\t\t\t\t\t\t\t\t\t<a href=\"https:\/\/solarnepanelydomov.sk\/kategoria-produktu\/solarne-systemy-a-solarne-produkty\/infra-vykurovacie-folie\/\">\n\t\t\t\t\t\t\t<img width=\"500\" height=\"500\" src=\"https:\/\/www.elprovod.sk\/wp-content\/uploads\/2022\/09\/Infra-podlahove\u0301-vykurovanie.png\" class=\"attachment-large size-large\" alt=\"\" loading=\"lazy\" srcset=\"https:\/\/www.elprovod.sk\/wp-content\/uploads\/2022\/09\/Infra-podlahove\u0301-vykurovanie.png 500w, https:\/\/www.elprovod.sk\/wp-content\/uploads\/2022\/09\/Infra-podlahove\u0301-vykurovanie-300x300.png 300w, https:\/\/www.elprovod.sk\/wp-content\/uploads\/2022\/09\/Infra-podlahove\u0301-vykurovanie-150x150.png 150w\" sizes=\"(max-width: 500px) 100vw, 500px\" \/>\t\t\t\t\t\t\t\t<\/a>\n\t\t\t\t\t\t\t\t\t\t\t\t\t\t\t<\/div>\n\t\t\t\t<\/div>\n\t\t\t\t\t<\/div>\n\t\t<\/div>\n\t\t\t\t<div class=\"elementor-column elementor-col-20 elementor-top-column elementor-element elementor-element-3cb656e\" data-id=\"3cb656e\" data-element_type=\"column\">\n\t\t\t<div class=\"elementor-widget-wrap elementor-element-populated\">\n\t\t\t\t\t\t\t\t<div class=\"elementor-element elementor-element-7f35036 elementor-widget elementor-widget-image\" data-id=\"7f35036\" data-element_type=\"widget\" data-widget_type=\"image.default\">\n\t\t\t\t<div class=\"elementor-widget-container\">\n\t\t\t\t\t\t\t\t\t\t\t\t\t\t\t\t<a href=\"https:\/\/solarnepanelydomov.sk\/montaze\/\">\n\t\t\t\t\t\t\t<img width=\"500\" height=\"500\" src=\"https:\/\/www.elprovod.sk\/wp-content\/uploads\/2022\/09\/Monta\u0301z\u030ce-sola\u0301rnych-zariadeni\u0301.png\" class=\"attachment-large size-large\" alt=\"\" loading=\"lazy\" srcset=\"https:\/\/www.elprovod.sk\/wp-content\/uploads\/2022\/09\/Monta\u0301z\u030ce-sola\u0301rnych-zariadeni\u0301.png 500w, https:\/\/www.elprovod.sk\/wp-content\/uploads\/2022\/09\/Monta\u0301z\u030ce-sola\u0301rnych-zariadeni\u0301-300x300.png 300w, https:\/\/www.elprovod.sk\/wp-content\/uploads\/2022\/09\/Monta\u0301z\u030ce-sola\u0301rnych-zariadeni\u0301-150x150.png 150w\" sizes=\"(max-width: 500px) 100vw, 500px\" \/>\t\t\t\t\t\t\t\t<\/a>\n\t\t\t\t\t\t\t\t\t\t\t\t\t\t\t<\/div>\n\t\t\t\t<\/div>\n\t\t\t\t\t<\/div>\n\t\t<\/div>\n\t\t\t\t<div class=\"elementor-column elementor-col-20 elementor-top-column elementor-element elementor-element-49e3d3a\" data-id=\"49e3d3a\" data-element_type=\"column\">\n\t\t\t<div class=\"elementor-widget-wrap elementor-element-populated\">\n\t\t\t\t\t\t\t\t<div class=\"elementor-element elementor-element-4cf5b8a elementor-widget elementor-widget-image\" data-id=\"4cf5b8a\" data-element_type=\"widget\" data-widget_type=\"image.default\">\n\t\t\t\t<div class=\"elementor-widget-container\">\n\t\t\t\t\t\t\t\t\t\t\t\t\t\t\t\t<a href=\"https:\/\/solarnepanelydomov.sk\/kontakty-2\/\">\n\t\t\t\t\t\t\t<img width=\"500\" height=\"500\" src=\"https:\/\/www.elprovod.sk\/wp-content\/uploads\/2022\/09\/elprovod-kontakty.png\" class=\"attachment-large size-large\" alt=\"\" loading=\"lazy\" srcset=\"https:\/\/www.elprovod.sk\/wp-content\/uploads\/2022\/09\/elprovod-kontakty.png 500w, https:\/\/www.elprovod.sk\/wp-content\/uploads\/2022\/09\/elprovod-kontakty-300x300.png 300w, https:\/\/www.elprovod.sk\/wp-content\/uploads\/2022\/09\/elprovod-kontakty-150x150.png 150w\" sizes=\"(max-width: 500px) 100vw, 500px\" \/>\t\t\t\t\t\t\t\t<\/a>\n\t\t\t\t\t\t\t\t\t\t\t\t\t\t\t<\/div>\n\t\t\t\t<\/div>\n\t\t\t\t\t<\/div>\n\t\t<\/div>\n\t\t\t\t\t\t\t<\/div>\n\t\t<\/section>\n\t\t\t\t<section class=\"elementor-section elementor-top-section elementor-element elementor-element-81e95d2 elementor-section-stretched elementor-section-boxed elementor-section-height-default elementor-section-height-default\" data-id=\"81e95d2\" data-element_type=\"section\" data-settings=\"{&quot;stretch_section&quot;:&quot;section-stretched&quot;}\">\n\t\t\t\t\t\t<div class=\"elementor-container elementor-column-gap-default\">\n\t\t\t\t\t<div class=\"elementor-column elementor-col-100 elementor-top-column elementor-element elementor-element-12c8a50\" data-id=\"12c8a50\" data-element_type=\"column\">\n\t\t\t<div class=\"elementor-widget-wrap elementor-element-populated\">\n\t\t\t\t\t\t\t\t<div class=\"elementor-element elementor-element-455f447 elementor-widget elementor-widget-spacer\" data-id=\"455f447\" data-element_type=\"widget\" data-widget_type=\"spacer.default\">\n\t\t\t\t<div class=\"elementor-widget-container\">\n\t\t\t<style>\/*! elementor - v3.7.7 - 20-09-2022 *\/\n.elementor-column .elementor-spacer-inner{height:var(--spacer-size)}.e-container{--container-widget-width:100%}.e-container>.elementor-widget-spacer{width:var(--container-widget-width,var(--spacer-size));-ms-flex-item-align:stretch;align-self:stretch;-ms-flex-negative:0;flex-shrink:0}.e-container>.elementor-widget-spacer>.elementor-widget-container,.e-container>.elementor-widget-spacer>.elementor-widget-container>.elementor-spacer{height:100%}.e-container>.elementor-widget-spacer>.elementor-widget-container>.elementor-spacer>.elementor-spacer-inner{height:var(--container-widget-height,var(--spacer-size))}<\/style>\t\t<div class=\"elementor-spacer\">\n\t\t\t<div class=\"elementor-spacer-inner\"><\/div>\n\t\t<\/div>\n\t\t\t\t<\/div>\n\t\t\t\t<\/div>\n\t\t\t\t<div class=\"elementor-element elementor-element-8b969d5 elementor-position-left elementor-widget__width-inherit elementor-vertical-align-top elementor-widget elementor-widget-image-box\" data-id=\"8b969d5\" data-element_type=\"widget\" data-widget_type=\"image-box.default\">\n\t\t\t\t<div class=\"elementor-widget-container\">\n\t\t\t<style>\/*! elementor - v3.7.7 - 20-09-2022 *\/\n.elementor-widget-image-box .elementor-image-box-content{width:100%}@media (min-width:768px){.elementor-widget-image-box.elementor-position-left .elementor-image-box-wrapper,.elementor-widget-image-box.elementor-position-right .elementor-image-box-wrapper{display:-webkit-box;display:-ms-flexbox;display:flex}.elementor-widget-image-box.elementor-position-right .elementor-image-box-wrapper{text-align:right;-webkit-box-orient:horizontal;-webkit-box-direction:reverse;-ms-flex-direction:row-reverse;flex-direction:row-reverse}.elementor-widget-image-box.elementor-position-left .elementor-image-box-wrapper{text-align:left;-webkit-box-orient:horizontal;-webkit-box-direction:normal;-ms-flex-direction:row;flex-direction:row}.elementor-widget-image-box.elementor-position-top .elementor-image-box-img{margin:auto}.elementor-widget-image-box.elementor-vertical-align-top .elementor-image-box-wrapper{-webkit-box-align:start;-ms-flex-align:start;align-items:flex-start}.elementor-widget-image-box.elementor-vertical-align-middle .elementor-image-box-wrapper{-webkit-box-align:center;-ms-flex-align:center;align-items:center}.elementor-widget-image-box.elementor-vertical-align-bottom .elementor-image-box-wrapper{-webkit-box-align:end;-ms-flex-align:end;align-items:flex-end}}@media (max-width:767px){.elementor-widget-image-box .elementor-image-box-img{margin-left:auto!important;margin-right:auto!important;margin-bottom:15px}}.elementor-widget-image-box .elementor-image-box-img{display:inline-block}.elementor-widget-image-box .elementor-image-box-title a{color:inherit}.elementor-widget-image-box .elementor-image-box-wrapper{text-align:center}.elementor-widget-image-box .elementor-image-box-description{margin:0}<\/style><div class=\"elementor-image-box-wrapper\"><figure class=\"elementor-image-box-img\"><img width=\"1200\" height=\"1200\" src=\"https:\/\/www.elprovod.sk\/wp-content\/uploads\/2022\/09\/o-na\u0301s-_-elprovod.png\" class=\"attachment-full size-full\" alt=\"\" loading=\"lazy\" \/><\/figure><div class=\"elementor-image-box-content\"><h3 class=\"elementor-image-box-title\">O n\u00e1s<\/h3><p class=\"elementor-image-box-description\">Firma Elprovod s.r.o. sa u\u017e od roku 2013 venuje zelen\u00fdm energi\u00e1m a stavb\u00e1m. Pon\u00fakame V\u00e1m kompletn\u00fa slu\u017ebu od predaja, dopravy a\u017e po mont\u00e1\u017e. Na\u0161e sol\u00e1rne panely, sol\u00e1rne kolektory i vykurovacie infra f\u00f3lie s\u00fa vyroben\u00e9 z najkvalitnej\u0161\u00edch a certifikovan\u00fdch materi\u00e1lov a z\u00e1rove\u0148 sa vyzna\u010duj\u00fa odolnos\u0165ou vo\u010di vonkaj\u0161\u00edm podmienkam.<\/p><\/div><\/div>\t\t<\/div>\n\t\t\t\t<\/div>\n\t\t\t\t\t<\/div>\n\t\t<\/div>\n\t\t\t\t\t\t\t<\/div>\n\t\t<\/section>\n\t\t\t\t<section class=\"elementor-section elementor-top-section elementor-element elementor-element-0905515 elementor-section-stretched elementor-section-boxed elementor-section-height-default elementor-section-height-default\" data-id=\"0905515\" data-element_type=\"section\" data-settings=\"{&quot;stretch_section&quot;:&quot;section-stretched&quot;}\">\n\t\t\t\t\t\t<div class=\"elementor-container elementor-column-gap-default\">\n\t\t\t\t\t<div class=\"elementor-column elementor-col-100 elementor-top-column elementor-element elementor-element-9817acc\" data-id=\"9817acc\" data-element_type=\"column\">\n\t\t\t<div class=\"elementor-widget-wrap elementor-element-populated\">\n\t\t\t\t\t\t\t\t<div class=\"elementor-element elementor-element-c86c973 elementor-position-left elementor-widget__width-inherit elementor-vertical-align-top elementor-widget elementor-widget-image-box\" data-id=\"c86c973\" data-element_type=\"widget\" data-widget_type=\"image-box.default\">\n\t\t\t\t<div class=\"elementor-widget-container\">\n\t\t\t<div class=\"elementor-image-box-wrapper\"><figure class=\"elementor-image-box-img\"><img width=\"1200\" height=\"1200\" src=\"https:\/\/www.elprovod.sk\/wp-content\/uploads\/2022\/09\/nas\u030ce-ciele.png\" class=\"attachment-full size-full\" alt=\"\" loading=\"lazy\" \/><\/figure><div class=\"elementor-image-box-content\"><h3 class=\"elementor-image-box-title\">Na\u0161e ciele<\/h3><p class=\"elementor-image-box-description\">Sme t\u00fdm \u013eud\u00ed dlhodobo p\u00f4sobiacich v stavebn\u00edctve a zelenej energetike. Aj my sa neust\u00e1le pos\u00favame vpred a tak ako ka\u017ed\u00fd tvor, ktor\u00fd nestagnuje na mieste, sme pri\u0161li do bodu, kedy chceme na\u0161e aktivity \u010do najviac nasmerova\u0165 zelenou cestou. poskytn\u00fa\u0165 dod\u00e1vky doplnkov\u00fdch produktov pre dom\u00e1cnosti a firmy pom\u00f4c\u0165 \u017eivotn\u00e9mu prostrediu.<\/p><\/div><\/div>\t\t<\/div>\n\t\t\t\t<\/div>\n\t\t\t\t\t<\/div>\n\t\t<\/div>\n\t\t\t\t\t\t\t<\/div>\n\t\t<\/section>\n\t\t\t\t<section class=\"elementor-section elementor-top-section elementor-element elementor-element-83530e6 elementor-section-boxed elementor-section-height-default elementor-section-height-default\" data-id=\"83530e6\" data-element_type=\"section\">\n\t\t\t\t\t\t<div class=\"elementor-container elementor-column-gap-default\">\n\t\t\t\t\t<div class=\"elementor-column elementor-col-100 elementor-top-column elementor-element elementor-element-ca4f0d3\" data-id=\"ca4f0d3\" data-element_type=\"column\">\n\t\t\t<div class=\"elementor-widget-wrap elementor-element-populated\">\n\t\t\t\t\t\t\t\t<div class=\"elementor-element elementor-element-087f79d elementor-position-left elementor-vertical-align-top elementor-widget elementor-widget-image-box\" data-id=\"087f79d\" data-element_type=\"widget\" data-widget_type=\"image-box.default\">\n\t\t\t\t<div class=\"elementor-widget-container\">\n\t\t\t<div class=\"elementor-image-box-wrapper\"><figure class=\"elementor-image-box-img\"><img width=\"1200\" height=\"1200\" src=\"https:\/\/www.elprovod.sk\/wp-content\/uploads\/2022\/09\/rucime-za-kvalitu_elprovod.png\" class=\"attachment-full size-full\" alt=\"\" loading=\"lazy\" \/><\/figure><div class=\"elementor-image-box-content\"><h3 class=\"elementor-image-box-title\">Ru\u010d\u00edme za kvalitu<\/h3><p class=\"elementor-image-box-description\">Na\u0161e produkty s\u00fa z kvalitn\u00fdch, certifikovan\u00fdch materi\u00e1lov a preto vieme pon\u00faka\u0165 na vybran\u00e9 tovary aj 30 ro\u010dn\u00fa z\u00e1ruku. Aj my pou\u017e\u00edvame na\u0161e v\u00fdrobky vo vlastn\u00fdch dom\u00e1cnostiach. Ver\u00edme svojim produktom aj sk\u00fasenostiam. M\u00e1me za sebou mnoho ve\u013ek\u00fdch projektov a spolupr\u00e1c. Vieme ako v\u00e1m n\u00e1js\u0165 to najlep\u0161ie rie\u0161enie pre va\u0161u situ\u00e1ciu a vybra\u0165 produkty pre najvy\u0161\u0161iu efektivitu.<\/p><\/div><\/div>\t\t<\/div>\n\t\t\t\t<\/div>\n\t\t\t\t\t<\/div>\n\t\t<\/div>\n\t\t\t\t\t\t\t<\/div>\n\t\t<\/section>\n\t\t\t\t<section class=\"elementor-section elementor-top-section elementor-element elementor-element-8ca2662 elementor-section-full_width elementor-section-stretched elementor-section-height-default elementor-section-height-default\" data-id=\"8ca2662\" data-element_type=\"section\" data-settings=\"{&quot;stretch_section&quot;:&quot;section-stretched&quot;}\">\n\t\t\t\t\t\t<div class=\"elementor-container elementor-column-gap-default\">\n\t\t\t\t\t<div class=\"elementor-column elementor-col-100 elementor-top-column elementor-element elementor-element-543158b\" data-id=\"543158b\" data-element_type=\"column\">\n\t\t\t<div class=\"elementor-widget-wrap elementor-element-populated\">\n\t\t\t\t\t\t\t\t<div class=\"elementor-element elementor-element-c1daa92 elementor-widget elementor-widget-spacer\" data-id=\"c1daa92\" data-element_type=\"widget\" data-widget_type=\"spacer.default\">\n\t\t\t\t<div class=\"elementor-widget-container\">\n\t\t\t\t\t<div class=\"elementor-spacer\">\n\t\t\t<div class=\"elementor-spacer-inner\"><\/div>\n\t\t<\/div>\n\t\t\t\t<\/div>\n\t\t\t\t<\/div>\n\t\t\t\t<div class=\"elementor-element elementor-element-049801c elementor-widget__width-inherit elementor-widget elementor-widget-google_maps\" data-id=\"049801c\" data-element_type=\"widget\" data-widget_type=\"google_maps.default\">\n\t\t\t\t<div class=\"elementor-widget-container\">\n\t\t\t<style>\/*! elementor - v3.7.7 - 20-09-2022 *\/\n.elementor-widget-google_maps .elementor-widget-container{overflow:hidden}.elementor-widget-google_maps iframe{height:300px}<\/style>\t\t<div class=\"elementor-custom-embed\">\n\t\t\t<iframe frameborder=\"0\" scrolling=\"no\" marginheight=\"0\" marginwidth=\"0\"\n\t\t\t\t\tsrc=\"https:\/\/maps.google.com\/maps?q=Miksz%C3%A1thova%2043%2C%20Obid&#038;t=m&#038;z=14&#038;output=embed&#038;iwloc=near\"\n\t\t\t\t\ttitle=\"Miksz\u00e1thova 43, Obid\"\n\t\t\t\t\taria-label=\"Miksz\u00e1thova 43, Obid\"\n\t\t\t><\/iframe>\n\t\t<\/div>\n\t\t\t\t<\/div>\n\t\t\t\t<\/div>\n\t\t\t\t\t<\/div>\n\t\t<\/div>\n\t\t\t\t\t\t\t<\/div>\n\t\t<\/section>\n\t\t\t\t\t\t\t<\/div>\n\t\t","protected":false},"excerpt":{"rendered":"<p>O n\u00e1s Firma Elprovod s.r.o. sa u\u017e od roku 2013 venuje zelen\u00fdm energi\u00e1m a stavb\u00e1m. Pon\u00fakame V\u00e1m kompletn\u00fa slu\u017ebu od predaja, dopravy a\u017e po mont\u00e1\u017e. Na\u0161e sol\u00e1rne panely, sol\u00e1rne kolektory i vykurovacie infra f\u00f3lie s\u00fa vyroben\u00e9 z najkvalitnej\u0161\u00edch a certifikovan\u00fdch materi\u00e1lov a z\u00e1rove\u0148 sa vyzna\u010duj\u00fa odolnos\u0165ou vo\u010di vonkaj\u0161\u00edm podmienkam. Na\u0161e ciele Sme t\u00fdm \u013eud\u00ed dlhodobo &hellip;<\/p>\n<p class=\"read-more\"> <a class=\"\" href=\"https:\/\/www.elprovod.sk\/\"> <span class=\"screen-reader-text\">Elprovod &#8211; zelen\u00e1 energia pre V\u00e1\u0161 domov<\/span> \u010c\u00edtajte viac &raquo;<\/a><\/p>\n","protected":false},"author":1,"featured_media":0,"parent":0,"menu_order":0,"comment_status":"closed","ping_status":"closed","template":"","meta":{"_monsterinsights_skip_tracking":false,"_monsterinsights_sitenote_active":false,"_monsterinsights_sitenote_note":"","_monsterinsights_sitenote_category":0,"site-sidebar-layout":"default","site-content-layout":"default","ast-global-header-display":"","ast-main-header-display":"","ast-hfb-above-header-display":"","ast-hfb-below-header-display":"","ast-hfb-mobile-header-display":"","site-post-title":"disabled","ast-breadcrumbs-content":"","ast-featured-img":"","footer-sml-layout":"","theme-transparent-header-meta":"","adv-header-id-meta":"","stick-header-meta":"","header-above-stick-meta":"","header-main-stick-meta":"","header-below-stick-meta":""},"yoast_head":"<!-- This site is optimized with the Yoast SEO plugin v19.7.1 - https:\/\/yoast.com\/wordpress\/plugins\/seo\/ -->\n<title>Elprovod - zelen\u00e1 energia pre V\u00e1\u0161 domov -<\/title>\n<meta name=\"robots\" content=\"index, follow, max-snippet:-1, max-image-preview:large, max-video-preview:-1\" \/>\n<link rel=\"canonical\" href=\"https:\/\/www.elprovod.sk\/\" \/>\n<meta property=\"og:locale\" content=\"sk_SK\" \/>\n<meta property=\"og:type\" content=\"article\" \/>\n<meta property=\"og:title\" content=\"Elprovod - zelen\u00e1 energia pre V\u00e1\u0161 domov -\" \/>\n<meta property=\"og:description\" content=\"O n\u00e1s Firma Elprovod s.r.o. sa u\u017e od roku 2013 venuje zelen\u00fdm energi\u00e1m a stavb\u00e1m. Pon\u00fakame V\u00e1m kompletn\u00fa slu\u017ebu od predaja, dopravy a\u017e po mont\u00e1\u017e. Na\u0161e sol\u00e1rne panely, sol\u00e1rne kolektory i vykurovacie infra f\u00f3lie s\u00fa vyroben\u00e9 z najkvalitnej\u0161\u00edch a certifikovan\u00fdch materi\u00e1lov a z\u00e1rove\u0148 sa vyzna\u010duj\u00fa odolnos\u0165ou vo\u010di vonkaj\u0161\u00edm podmienkam. Na\u0161e ciele Sme t\u00fdm \u013eud\u00ed dlhodobo &hellip; Elprovod &#8211; zelen\u00e1 energia pre V\u00e1\u0161 domov \u010c\u00edtajte viac &raquo;\" \/>\n<meta property=\"og:url\" content=\"https:\/\/www.elprovod.sk\/\" \/>\n<meta property=\"article:modified_time\" content=\"2022-09-20T16:03:18+00:00\" \/>\n<meta property=\"og:image\" content=\"https:\/\/www.elprovod.sk\/wp-content\/uploads\/2022\/09\/elprovod-kontakty.png\" \/>\n<meta name=\"twitter:card\" content=\"summary_large_image\" \/>\n<meta name=\"twitter:label1\" content=\"Predpokladan\u00fd \u010das \u010d\u00edtania\" \/>\n\t<meta name=\"twitter:data1\" content=\"3 min\u00faty\" \/>\n<script type=\"application\/ld+json\" class=\"yoast-schema-graph\">{\"@context\":\"https:\/\/schema.org\",\"@graph\":[{\"@type\":\"WebPage\",\"@id\":\"https:\/\/www.elprovod.sk\/\",\"url\":\"https:\/\/www.elprovod.sk\/\",\"name\":\"Elprovod - zelen\u00e1 energia pre V\u00e1\u0161 domov -\",\"isPartOf\":{\"@id\":\"https:\/\/www.elprovod.sk\/#website\"},\"datePublished\":\"2022-09-13T13:52:25+00:00\",\"dateModified\":\"2022-09-20T16:03:18+00:00\",\"breadcrumb\":{\"@id\":\"https:\/\/www.elprovod.sk\/#breadcrumb\"},\"inLanguage\":\"sk-SK\",\"potentialAction\":[{\"@type\":\"ReadAction\",\"target\":[\"https:\/\/www.elprovod.sk\/\"]}]},{\"@type\":\"BreadcrumbList\",\"@id\":\"https:\/\/www.elprovod.sk\/#breadcrumb\",\"itemListElement\":[{\"@type\":\"ListItem\",\"position\":1,\"name\":\"Home\",\"item\":\"https:\/\/www.elprovod.sk\/\"},{\"@type\":\"ListItem\",\"position\":2,\"name\":\"Elprovod &#8211; zelen\u00e1 energia pre V\u00e1\u0161 domov\"}]},{\"@type\":\"WebSite\",\"@id\":\"https:\/\/www.elprovod.sk\/#website\",\"url\":\"https:\/\/www.elprovod.sk\/\",\"name\":\"\",\"description\":\"solarnepanelydomov.sk\",\"potentialAction\":[{\"@type\":\"SearchAction\",\"target\":{\"@type\":\"EntryPoint\",\"urlTemplate\":\"https:\/\/www.elprovod.sk\/?s={search_term_string}\"},\"query-input\":\"required name=search_term_string\"}],\"inLanguage\":\"sk-SK\"}]}<\/script>\n<!-- \/ Yoast SEO plugin. -->","yoast_head_json":{"title":"Elprovod - zelen\u00e1 energia pre V\u00e1\u0161 domov -","robots":{"index":"index","follow":"follow","max-snippet":"max-snippet:-1","max-image-preview":"max-image-preview:large","max-video-preview":"max-video-preview:-1"},"canonical":"https:\/\/www.elprovod.sk\/","og_locale":"sk_SK","og_type":"article","og_title":"Elprovod - zelen\u00e1 energia pre V\u00e1\u0161 domov -","og_description":"O n\u00e1s Firma Elprovod s.r.o. sa u\u017e od roku 2013 venuje zelen\u00fdm energi\u00e1m a stavb\u00e1m. Pon\u00fakame V\u00e1m kompletn\u00fa slu\u017ebu od predaja, dopravy a\u017e po mont\u00e1\u017e. Na\u0161e sol\u00e1rne panely, sol\u00e1rne kolektory i vykurovacie infra f\u00f3lie s\u00fa vyroben\u00e9 z najkvalitnej\u0161\u00edch a certifikovan\u00fdch materi\u00e1lov a z\u00e1rove\u0148 sa vyzna\u010duj\u00fa odolnos\u0165ou vo\u010di vonkaj\u0161\u00edm podmienkam. Na\u0161e ciele Sme t\u00fdm \u013eud\u00ed dlhodobo &hellip; Elprovod &#8211; zelen\u00e1 energia pre V\u00e1\u0161 domov \u010c\u00edtajte viac &raquo;","og_url":"https:\/\/www.elprovod.sk\/","article_modified_time":"2022-09-20T16:03:18+00:00","og_image":[{"url":"https:\/\/www.elprovod.sk\/wp-content\/uploads\/2022\/09\/elprovod-kontakty.png"}],"twitter_card":"summary_large_image","twitter_misc":{"Predpokladan\u00fd \u010das \u010d\u00edtania":"3 min\u00faty"},"schema":{"@context":"https:\/\/schema.org","@graph":[{"@type":"WebPage","@id":"https:\/\/www.elprovod.sk\/","url":"https:\/\/www.elprovod.sk\/","name":"Elprovod - zelen\u00e1 energia pre V\u00e1\u0161 domov -","isPartOf":{"@id":"https:\/\/www.elprovod.sk\/#website"},"datePublished":"2022-09-13T13:52:25+00:00","dateModified":"2022-09-20T16:03:18+00:00","breadcrumb":{"@id":"https:\/\/www.elprovod.sk\/#breadcrumb"},"inLanguage":"sk-SK","potentialAction":[{"@type":"ReadAction","target":["https:\/\/www.elprovod.sk\/"]}]},{"@type":"BreadcrumbList","@id":"https:\/\/www.elprovod.sk\/#breadcrumb","itemListElement":[{"@type":"ListItem","position":1,"name":"Home","item":"https:\/\/www.elprovod.sk\/"},{"@type":"ListItem","position":2,"name":"Elprovod &#8211; zelen\u00e1 energia pre V\u00e1\u0161 domov"}]},{"@type":"WebSite","@id":"https:\/\/www.elprovod.sk\/#website","url":"https:\/\/www.elprovod.sk\/","name":"","description":"solarnepanelydomov.sk","potentialAction":[{"@type":"SearchAction","target":{"@type":"EntryPoint","urlTemplate":"https:\/\/www.elprovod.sk\/?s={search_term_string}"},"query-input":"required name=search_term_string"}],"inLanguage":"sk-SK"}]}},"_links":{"self":[{"href":"https:\/\/www.elprovod.sk\/index.php?rest_route=\/wp\/v2\/pages\/2"}],"collection":[{"href":"https:\/\/www.elprovod.sk\/index.php?rest_route=\/wp\/v2\/pages"}],"about":[{"href":"https:\/\/www.elprovod.sk\/index.php?rest_route=\/wp\/v2\/types\/page"}],"author":[{"embeddable":true,"href":"https:\/\/www.elprovod.sk\/index.php?rest_route=\/wp\/v2\/users\/1"}],"replies":[{"embeddable":true,"href":"https:\/\/www.elprovod.sk\/index.php?rest_route=%2Fwp%2Fv2%2Fcomments&post=2"}],"version-history":[{"count":6,"href":"https:\/\/www.elprovod.sk\/index.php?rest_route=\/wp\/v2\/pages\/2\/revisions"}],"predecessor-version":[{"id":310,"href":"https:\/\/www.elprovod.sk\/index.php?rest_route=\/wp\/v2\/pages\/2\/revisions\/310"}],"wp:attachment":[{"href":"https:\/\/www.elprovod.sk\/index.php?rest_route=%2Fwp%2Fv2%2Fmedia&parent=2"}],"curies":[{"name":"wp","href":"https:\/\/api.w.org\/{rel}","templated":true}]}}